ts digit of 150 + ((-3)/b)/(25/(-100))?
7
Suppose 130*h - 1061106 + 195436 = 0. What is the thousands digit of h?
6
Suppose 812 = 7*x - 168. Let h = x - 104. What is the tens digit of h?
3
Let s = -40 - -40. Let d(g) = -g**3 - g**2 + 3. Let c be d(s). Suppose c*f - 65 = t, 3*t + t = -3*f + 85. What is the tens digit of f?
2
Let q(l) = 37*l**2 + 29*l - 206. Let u(y) = -39*y**2 - 29*y + 206. Let z(b) = 5*q(b) + 4*u(b). What is the tens digit of z(6)?
1
What is the thousands digit of 3735/3 + 226 + -238?
1
Let s be (616/(-12) - -2)*(-9441)/(-6). What is the hundreds digit of (s/(-148))/((-2)/(-4))?
0
Let c(d) = -d**3 - 16*d**2 - 13*d + 22. Let b be c(-15). Let v(g) = 2 + 17*g - 19*g + 6 - 4. What is the tens digit of v(b)?
2
Let f be ((-50)/6)/(((-48)/18)/8). Suppose -13245 - 4530 = -f*k. What is the units digit of k?
1
Suppose g = -i - 0*g + 6, -2*i + 15 = 5*g. Suppose 4*n = 5*s - 359, -i*s + 9*s + 3*n = 281. What is the units digit of s?
1
Let q be (-60)/21*(-6)/((-36)/(-21)). Let f(j) = j**3 - 7*j**2 + 3*j + 2. What is the units digit of f(q)?
2
Let u = 1578 + 620. What is the units digit of u?
8
Suppose 0*w - 2*c + 52 = -2*w, 2*c = 6. Let u = -11 - w. Suppose -u*i + 2*i = -280. What is the units digit of i?
8
Let d(k) = k**3 - 16*k**2 - 37*k + 26. Let z be d(18). What is the units digit of (-86*(-4)/z)/1?
3
Let y(z) = 26*z - 2*z**3 - 39 + z**3 + 99563*z**2 - 99556*z**2. What is the units digit of y(9)?
3
Let l be 10 - 7 - (1 + 11 + -2). Let h(b) = -200*b - 27. What is the units digit of h(l)?
3
Suppose 4*q - 5*s + 5 = 58, 5*q - 3*s - 63 = 0. Suppose 5*c - 3150 = -5*p - 0*c, 0 = 3*c - q. What is the tens digit of p?
2
Let x(p) = 70*p + 70. Let y be x(-2). Let r = -46 - y. What is the units digit of r?
4
Let c = -19127 + 26807. What is the hundreds digit of -18*(c/(-18))/10?
7
Let y(h) = -17348*h + 1026. What is the units digit of y(-2)?
2
Let y be -3 + 8*9/12. What is the units digit of (1/y)/((-8)/(-1464))?
1
Suppose m = -4*l + 13, 0 = l - 3. Suppose -m = 3*o + 5*h, h + 3*h - 7 = -5*o. What is the tens digit of 51*((-7)/o - (-7 + 4))?
3
Let y = -957 - -1122. Let r = 88 + -30. Suppose 0 = r*i - 55*i - y. What is the units digit of i?
5
Let o be (-10)/((-3)/(-12) + (-6)/21). Let b = o + -249. What is the tens digit of b?
3
Suppose 0 = -3*k + 597 + 357. Let q = -228 + k. What is the tens digit of q?
9
Suppose 4*a = 2*i + 8, -3*a = 5*i - 8*i - 3. Let y(h) = 105*h**2 - h + 2. What is the tens digit of y(i)?
2
Let l be (108/405)/(4/30). Suppose 0 = m + 3, -m + 4*m - 3117 = -l*v. What is the units digit of v?
3
Suppose 4*n - 219 = -3*a, 4 - 10 = 2*a. Suppose n*h - 49*h = 9904. What is the thousands digit of h?
1
Let z be 1/13 - 704/(-143). Let g(q) = 9*q**2 - 9*q + 24. What is the tens digit of g(z)?
0
Let f be 3/6 + ((-588)/(-8))/(-7). Let b(d) = -12*d + 5. Let y be b(4). Let s = f - y. What is the tens digit of s?
3
Let b(r) = -4*r**3 - 8*r**2 - r + 4. Let i be b(-2). What is the tens digit of 27/(-81) + 434/i?
7
Let h be (-2)/1*(-304 - -11). Suppose -5*r = -2*z - h, 5*r + 9*z = 6*z + 596. What is the tens digit of r?
1
Let c(y) be the first derivative of 19*y**2/2 + 1951*y + 280. What is the tens digit of c(0)?
5
Let m(n) = 27794*n - 892. What is the thousands digit of m(1)?
6
Let s(v) = v**2 + 6*v - 8. Let p be s(2). What is the tens digit of 454/p*-2*-4?
5
Suppose -3*d = 4*z - 3615, -z + 1336 - 418 = -4*d. Suppose -r + z = f - 47, -4*f - 5*r = -3817. What is the units digit of f?
8
Suppose -487607 = -127*f + 1172029. What is the ten thousands digit of f?
1
Suppose 7*n = -2 - 54. What is the hundreds digit of (n/(-1) - 212)*8/(-3)?
5
Suppose -l + 2*n + 4633 = -2717, 0 = -2*l - 5*n + 14619. What is the thousands digit of l?
7
Suppose 215 = -6*k - 151. Let y = k + 57. What is the units digit of y/(-10) + (-1626)/(-10)?
3
Suppose -46*o - 176664 = 53*o - 111*o. What is the tens digit of o?
2
Let z(m) = m**3 + 4*m + 174. Let x be z(0). Suppose 10*r - x + 34 = 0. Suppose r = v - 103. What is the tens digit of v?
1
Let g = -432 + 787. Suppose 3*d = -2*d + g. Suppose -s + 121 = 2*u, 2*u - 4*s = 65 + d. What is the tens digit of u?
6
Let u be (0 + (-4)/(-7))/((-11)/(-77)). Suppose 0 = 2*b + 5*h - 37, -7 = -5*b + u*h + 3. Suppose -b*s - 2 = -26. What is the units digit of s?
4
Let o = 108 - 103. Suppose 0*g - 5*g = h - 106, g = -o*h + 26. What is the units digit of 38/(g/(-9) - -3)?
7
Suppose 11*k + 23*k - 64022 = 0. Suppose 222 - k = -11*b. What is the units digit of b?
1
Suppose 11*u = 12*u - 713. Suppose -2*d = 2*n - 570 + 212, -4*n + u = 3*d. Suppose 229 = 5*r + 4*v, -2*v - 3*v = 4*r - n. What is the units digit of r?
9
Suppose -303 - 138 = -7*g. Suppose 0 = -2*c + 2*r + g + 179, 3*c - r = 367. What is the hundreds digit of c?
1
Let g(f) = -15*f**2 - f + 13. Let n(j) = 16*j**2 + j - 14. Let d(y) = -4*g(y) - 3*n(y). What is the units digit of d(-6)?
6
Suppose 4*c - 57 - 91 = 0. Let p = c + -37. Suppose 0 = -2*o + 6*o - 4*j - 296, 3*o + 5*j - 262 = p. What is the units digit of o?
9
Let v = -2138 + 4322. Let k(f) = -f + 1. Let x be k(1). Suppose 5*j - 17*j + v = x. What is the tens digit of j?
8
Let n(p) be the first derivative of 95*p**3/3 + 5*p**2 + 20*p + 49. What is the units digit of n(-3)?
5
Let o(u) = 120*u**2 + 57*u + 1675. What is the thousands digit of o(-18)?
9
Let w = 3420 - 1902. Suppose w + 309 = 7*i. What is the units digit of i?
1
Let q(i) = 5*i**2 - 2*i - 1. Let y be q(-6). Let a be -1*((-204)/4)/(-1). Let h = y + a. What is the units digit of h?
0
Let k(w) = 7*w**2 - 22*w + 14. Let t = -10 + 24. Let y be 12/42 + 80/t. What is the tens digit of k(y)?
3
What is the thousands digit of -5 - (-6)/(-12)*-16442?
8
Suppose -4*j + 66 = 6. Let v be (-10)/j*42/2. What is the tens digit of 1 + ((-216)/42)/(1/v)?
7
Let k = 19442 - 9941. What is the tens digit of k?
0
Let k(h) = -3 + 5 + 24 - 14*h - 12. What is the tens digit of k(-4)?
7
Let k = 42 - 30. Suppose 0 = 2*v + k + 8. Let s(w) = w**2 + 2*w + 11. What is the units digit of s(v)?
1
Let c = 16 - 18. Let i be (125 + c/(-2))/(21/238). Suppose i = 11*d - 200. What is the hundreds digit of d?
1
Suppose -h + 39 = 2*a - 11, -3*a - 128 = -2*h. Let n = h + -18. Let b = 65 - n. What is the units digit of b?
5
Suppose -2*h + 4597 = 5*l - 10772, -l = -3*h + 23079. What is the hundreds digit of h?
6
Suppose -m - 286 = 2*m - 4*y, 0 = -4*m + 4*y - 376. What is the units digit of ((-24)/(-20))/((-2)/m)?
4
Let i(b) = 41*b**2 - 48*b + 608. What is the units digit of i(12)?
6
Suppose -166885 = -5*z - 5*r, -829*z = -826*z - 2*r - 100161. What is the tens digit of z?
8
Let m = 1060 - 703. Let p = m + -129. What is the hundreds digit of p?
2
Let i(a) = -4839*a + 558. What is the thousands digit of i(-4)?
9
Let a(c) = 365*c**2 + 17*c - 92. What is the units digit of a(-8)?
2
Let w = 15052 - 8129. What is the hundreds digit of w?
9
Let b(n) = n**3 - 4*n**2 + 2*n - 7. Let y be b(4). Let r be (y/(-1))/(4 + 777/(-195)). Let t = r + 97. What is the tens digit of t?
3
Suppose -51*v = -24230 - 76750. What is the thousands digit of v?
1
Suppose 0*k + k = 192. Suppose 13*j - 332 = 17*j. Let a = k + j. What is the units digit of a?
9
Suppose 8*g - 70 = -22. Let a(u) = 20*u**2 - 14*u + 113. What is the units digit of a(g)?
9
Let o be -2 - (-1)/((-7)/(-1694)). Let s = 862 - o. What is the tens digit of s?
2
Let b = 281 + 794. What is the units digit of b?
5
Let c(g) = -g - 9. Let f be c(-12). Suppose -2*u - f*u + 3*t = -7854, 4*u - 6296 = -4*t. Suppose 11*n = -n + u. What is the hundreds digit of n?
1
Suppose c = 2*v + 11736, -4*c + 46971 = -822*v + 823*v. What is the tens digit of c?
4
Let o(u) be the third derivative of 7/12*u**4 - 37/6*u**3 + 0*u + 1/60*u**5 - 4*u**2 + 0. What is the tens digit of o(-20)?
8
Let l(h) = h**2 + 34*h - 242. Let r be l(-40). What is the hundreds digit of r - -1539 - (-13)/((-39)/(-6))?
5
Let n(k) = -2*k**2 - 24*k - 5. Let y be n(-12). What is the units digit of (-1 - -427) + y - 6?
5
Let c(r) = 5*r + 28. Let v be c(0). Let a(k) = -v*k + 6 + 3 - 8. What is the hundreds digit of a(-6)?
1
Suppose -7*o + 3*o = -36*o. Suppose o*v + 1834 = v. What is the hundreds digit of v?
8
Let o(n) = -123*n + 55. What is the tens digit of o(-16)?
2
Suppose -b = -12*f + 13*f - 1604, 3*f - 5*b = 4788. What is